2400. Calculate a(7).
-42
Let f(i) = -4498*i - 2257986. What is f(-502)?
10
Let s(m) = 4*m**2 + 291*m - 85. Give s(-74).
285
Let t(w) = -4*w**3 - 80*w**2 - 319*w + 243. Calculate t(-14).
5
Let a(m) = m**3 + 63*m**2 + 169*m - 301. Determine a(-60).
359
Let v(j) = -117*j - 17389. Give v(-150).
161
Let d(h) = h**3 - 41*h**2 + 29*h - 74. Calculate d(40).
-514
Let u(y) = -y**2 + 55*y + 919. Calculate u(-16).
-217
Let y(l) = 671*l + 11144. What is y(-12)?
3092
Let u(o) = 3081*o - 141425. Calculate u(46).
301
Let x(h) = -h**3 + 38*h**2 + 156*h - 1632. What is x(41)?
-279
Let j(k) = -2*k**2 + 27*k + 3449. Calculate j(-35).
54
Let u(p) = -3*p**2 - 858*p - 8231. Give u(-10).
49
Let g(c) = -7*c**2 - 71*c - 133. Calculate g(0).
-133
Let l(g) = -g**2 + 117*g - 496. Calculate l(105).
764
Let s(o) = -3*o**3 + 276*o**2 + 18524*o - 3976. Calculate s(137).
-3
Let i(r) = -r**3 + 14*r**2 + 284*r - 710. Give i(25).
-485
Let o(m) = -2*m**3 + 49*m**2 - 30*m + 454. Determine o(25).
-921
Let q(v) = v**2 - 1080*v - 41373. Give q(-37).
-44
Let x(u) = 25914*u - 51840. Give x(2).
-12
Let d(f) = 5*f**2 - 1560*f + 9330. Give d(6).
150
Let g(b) = -2*b**2 - 1096*b - 126396. Give g(-383).
-6
Let l(h) = -3*h**2 - 1072*h - 21983. Give l(-336).
-479
Let v(z) = -27346*z - 27337. Give v(-1).
9
Let l(x) = 1693*x - 125281. What is l(74)?
1
Let q(h) = -h**3 - 16*h**2 + 337*h - 435. Calculate q(11).
5
Let k(l) = -l**3 - 4*l**2 - 686*l - 3516. Give k(-5).
-61
Let l(i) = 58654*i - 1994232. Determine l(34).
4
Let a(x) = -67*x**2 + 8436*x + 834. What is a(126)?
78
Let r(c) = 9*c**3 - 32*c**2 + 10715*c + 10748. Determine r(-1).
-8
Let b(l) = l**3 - 42*l**2 + 379*l + 760. Calculate b(27).
58
Let x(y) = -2*y**3 - 29*y**2 + 139*y + 1575. Determine x(-15).
-285
Let c(q) = q**3 + 74*q**2 - 2000*q - 458. Give c(-95).
17
Let w(q) = -3827*q - 3886. What is w(-1)?
-59
Let f(q) = q**2 + 1309*q + 398953. What is f(-483)?
-5
Let b(r) = -2*r**3 + 20*r**2 - 63*r + 205. What is b(4)?
145
Let o(a) = -274*a - 13440. Give o(-48).
-288
Let b(o) = -o**3 + 9*o**2 - 28*o + 251. Calculate b(8).
91
Let c(b) = 4216*b**2 - 33740*b + 96. Give c(8).
0
Let c(q) = q**2 + 22*q - 847. Give c(20).
-7
Let t(g) = 874*g + 923. Calculate t(-1).
49
Let a(l) = l**3 - 203*l**2 + 26*l - 4038. Determine a(203).
1240
Let p(u) = u**3 + 13*u**2 + 71*u - 42. Calculate p(-6).
-216
Let a(g) = -g**2 + 44787*g + 761666. Determine a(-17).
-2
Let x(n) = -3595*n**2 - 25145*n + 144. Determine x(-7).
4
Let o(d) = 28*d**2 + 233*d - 1035. Calculate o(-10).
-565
Let n(u) = 977*u - 12146. Calculate n(13).
555
Let w(j) = -434*j**2 + 825*j + 11. Calculate w(3).
-1420
Let x(z) = -140*z**2 + 2303*z - 9262. What is x(7)?
-1
Let l(t) = 2*t**2 - 986*t + 32762. Give l(35).
702
Let h(k) = -6*k**2 + 8*k + 262. What is h(13)?
-648
Let u(s) = 79*s**2 + 748*s - 524. Calculate u(-11).
807
Let z(n) = -689*n + 125416. Calculate z(182).
18
Let b(j) = 776*j - 5283. Give b(7).
149
Let i(g) = -20548*g - 10479476. What is i(-510)?
4
Let r(k) = k**3 - 32*k**2 + 242*k + 94. Calculate r(18).
-86
Let r(l) = 44*l**2 - 656*l + 1998. What is r(3)?
426
Let f(a) = -24*a**2 + 273*a - 56. Calculate f(11).
43
Let m(z) = 20028*z + 300414. What is m(-15)?
-6
Let p(u) = 9224*u - 27690. Determine p(3).
-18
Let t(w) = -4341*w - 1271926. Determine t(-293).
-13
Let b(a) = -464*a**2 - 793*a + 56. Give b(-2).
-214
Let w(g) = 12642*g + 151753. What is w(-12)?
49
Let j(f) = -3*f**3 + 194*f**2 - 705*f + 50057. Calculate j(65).
7
Let h(a) = -13786*a - 193122. Determine h(-14).
-118
Let d(b) = -b**2 - 231*b - 14232. Calculate d(-101).
-1102
Let t(d) = -3*d**3 + 194*d**2 - 2520*d - 2615. Calculate t(46).
-39
Let t(r) = -211*r**2 + 2849*r - 9581. Calculate t(7).
23
Let y(l) = 5*l**3 - 77*l**2 + 46*l - 109. Determine y(15).
131
Let w(z) = 896*z**2 + 140673*z + 162. Calculate w(-157).
5
Let z(v) = -45473*v - 409453. Determine z(-9).
-196
Let b(h) = -3*h**2 - 2971*h + 2030185. Determine b(465).
-5
Let s(l) = 1634*l + 8263. What is s(-5)?
93
Let l(a) = -419132*a + 838302. Calculate l(2).
38
Let k(l) = 1430*l - 507787. Give k(355).
-137
Let m(z) = 2*z**3 - z**2 - 129*z + 32. Calculate m(13).
2580
Let y(x) = x**2 + 825*x - 89440. What is y(97)?
-6
Let k(x) = -3*x**3 - 51*x**2 - 403*x - 5635. What is k(-16)?
45
Let m(v) = -v**3 + 24*v**2 + 37*v + 385. Calculate m(26).
-5
Let n(x) = -x**2 - 704*x + 143354. Calculate n(165).
-31
Let k(c) = 84994*c + 509951. Determine k(-6).
-13
Let q(w) = -7*w**3 - 411*w**2 - 9*w - 7477. Determine q(-59).
16
Let s(a) = 3*a**3 - 8*a**2 - 440*a + 1713. Determine s(4).
17
Let l(u) = 2*u**3 - 56*u**2 + 255*u - 5765. Give l(27).
-338
Let i(f) = -f**3 - 202*f**2 - 4032*f + 15267. Give i(-179).
52
Let r(z) = -309*z - 34514. Determine r(-130).
5656
Let t(x) = -92*x**2 + 4919*x - 60892. What is t(34)?
2
Let n(v) = 11656*v - 139917. Give n(12).
-45
Let q(j) = -56*j**2 + 1933*j - 16596. Determine q(16).
-4
Let h(s) = s**2 - 10*s - 3729. Determine h(-57).
90
Let i(w) = w**3 - 35*w**2 - 264*w + 10231. Give i(34).
99
Let b(z) = -23304*z - 163249. Determine b(-7).
-121
Let b(p) = p**3 - 81*p**2 + 356*p - 1601. What is b(76)?
-3425
Let r(m) = -8555*m - 9940913. What is r(-1162)?
-3
Let h(u) = 5*u**2 - 2957*u + 1386. Give h(591).
204
Let j(h) = -16*h**3 + 1281*h**2 - 58*h - 1222. Give j(80).
538
Let l(a) = 149*a - 40580. Determine l(269).
-499
Let s(i) = 5071*i - 88827. Calculate s(18).
2451
Let o(z) = 53*z + 747. Calculate o(-3).
588
Let d(i) = 144*i**2 - 1668*i - 123. Give d(12).
597
Let k(q) = -9693*q + 1744744. What is k(180)?
4
Let j(g) = -103*g**3 + 3607*g**2 - 67*g - 94. Calculate j(35).
11
Let f(g) = g**3 + 98*g**2 + 289*g + 452. Calculate f(-95).
72
Let x(i) = -87*i**2 - 4174*i + 108. What is x(-48)?
12
Let m(g) = 25192*g**2 + 4282641*g + 166. Give m(-170).
-4
Let k(a) = -86880*a + 521331. What is k(6)?
51
Let g(r) = -2*r**2 - 13797*r - 165280. Give g(-12).
-4
Let z(x) = 604841*x - 4233884. Determine z(7).
3
Let r(g) = 909*g - 53353. What is r(59)?
278
Let q(g) = g**3 + 73*g**2 - 5318*g - 985. Give q(-118).
-41
Let f(k) = k**3 - 22*k**2 - 18114*k + 416093. What is f(23)?
0
Let v(r) = r**3 + 45*r**2 - 466*r - 8175. Determine v(-51).
-15
Let t(g) = 171423*g + 3257052. Calculate t(-19).
15
Let u(o) = 5*o**3 + 33*o**2 - 112*o + 48. Give u(4).
448
Let b(n) = n**3 + 6*n**2 - 48*n - 204. Calculate b(-13).
-763
Let r(o) = -58*o**3 + 616*o**2 - 27*o - 30. Give r(11).
-2989
Let l(t) = -12633*t - 37871. Give l(-3).
28
Let n(d) = 2*d**3 + 213*d**2 + 1320*d + 1528. Calculate n(-5).
3
Let z(g) = -3*g**3 + 225*g**2 - 534*g + 23094. Determine z(74).
6
Let m(i) = -3*i**3 + 125*i**2 - 611*i + 37. Determine m(6).
223
Let i(o) = -2*o**2 - 2635*o - 352443. Determine i(-151).
-160
Let s(z) = -354*z + 1778. Calculate s(13).
-2824
Let a(s) = s**3 - 451*s**2 - 2723*s + 823099. What is a(453)?
-2
Let r(x) = 1338*x + 3257. Calculate r(-2).
581
Let c(x) = 475*x - 74137. Give c(156).
-37
Let r(b) = -b**2 - 15661*b - 125223. Calculate r(-8).
1
Let r(n) = -411*n + 14881. Calculate r(38).
-737
Let r(l) = 5*l**3 + 1169*l**2 - 232*l + 436. Give r(-234).
-32
Let g(j) = -113*j**2 + 959*j + 59. What is g(8)?
499
Let h(x) = 11851*x + 450362. What is h(-38)?
24
Let j(m) = 263*m**2 + 855*m + 607. Determine j(-2).
-51
Let l(t) = t**2 - 465*t + 34297. What is l(373)?
-19
Let z(w) = w**3 + 274*w**2 - 5*w + 67. Give z(0).
67
Let z(k) = -111305*k + 2337394. Calculate z(21).
-11
Let o(y) = -893*y**2 + 2964*y + 35. Determine o(3).
890
Let r(k) = 140*k**2 + 2626*k - 282. What is r(-19)?
364
Let a(b) = -57*b**2 + 828*b - 437. Give a(14).
-17
Let x(c) = -c**3 + 45*c**2 - 505*c + 154. Calculate x(24).
130
Let n(f) = -2742*f - 285122. Calculate n(-104).
46
Let h(a) = 30906*a + 9982622. Calculate h(-323).
-16
Let y(z) = -130*z**2 + 2110*z - 572. Determine y(16).
-92
Let v(t) = t**2 + 2956*t + 710687. What is v(-264)?
-1
Let a(w) = 21198*w + 105977. Give a(-5).
-13
Let j(l) = -l**3 - 169*l**2 - 339*l + 1540. What is j(-167)?
2375
Let x(p) = -1581*p - 82247. Calculate x(-52).
-35
Let c(l) = l**3 + 59*l**2 - 3063*l - 180947. What is c(-58)?
71
Let p(c) = c**3 - 177*c**2 + 2465*c - 276060. What is p(172)?
0
Let z(x) = 21*x + 2204. Calculate z(-93).
251
Let g(l) = -268159*l - 268193. Calculate g(-1).
-34
Let h(i) = 1256*i + 154481.